at is the thousands digit of x(7)?
0
Suppose -2233 = -6*o + 4943. Suppose -o = -25*b + 579. What is the tens digit of b?
7
Let s = -518 - -878. Suppose 5*g - 8*g + s = 0. Let w = g - 32. What is the tens digit of w?
8
Let x be 1789/(-9) - 4/18. Let c = 8119 - 7758. Let g = x + c. What is the tens digit of g?
6
Suppose 392 = 3*b - 2*u + 6*u, -120 = -b + 4*u. What is the hundreds digit of b*1 - (6 - 0)?
1
Let l = 6404 - 3783. What is the hundreds digit of l?
6
Let h = 384 - 317. Let w = h + 147. What is the tens digit of w?
1
Suppose -4*s + 3647 + 1715 = y, -2*y + 10757 = -3*s. What is the tens digit of y?
7
What is the ten thousands digit of 5 - ((1 - 0) + (10 + -1 - 18371))?
1
Let s(n) = 33*n**2 - 59*n - 15. Let d be s(9). Let g = 3695 - d. What is the tens digit of g?
6
Let r be (-14)/21 - 30/9. What is the units digit of (129 - (4 - 1)) + 2 + r?
4
Suppose -11*u = -14*u. Let i(p) = -19*p + 1271. What is the tens digit of i(u)?
7
Suppose -5*l + c - 1 + 66 = 0, 0 = -4*l - c + 52. Suppose -q = -3*h + 104 - l, -4*h + 3*q = -113. Suppose 26*s = h*s - 1014. What is the units digit of s?
9
Suppose 875*b + 7*m - 74068 = 873*b, -3*b - 5*m = -111080. What is the hundreds digit of b?
0
Let c = -9353 + 15895. What is the tens digit of c?
4
Suppose 0 = 62*n - 59*n + 4*u - 49159, -65567 = -4*n - u. What is the units digit of n?
3
Let o(m) = 80 + 3 + 30*m - 2*m + 35*m. What is the tens digit of o(17)?
5
Let c be -3*2*-2*5/20. Suppose 82 = d - c*i - 103, -i = -2*d + 365. Suppose 434 = 4*b - d. What is the hundreds digit of b?
1
What is the hundreds digit of (-121 + 0)*(-1200)/75?
9
Suppose -4*r = -2*c - 34192 + 8566, 2*c = -3*r + 19195. What is the hundreds digit of r?
4
What is the tens digit of 90735/12 - (-889)/508?
6
Let r(v) = -4*v**3 - 15*v**2 - 25*v + 2. What is the tens digit of r(-14)?
8
Suppose 0 = 5*b + 3*z - 12728, 2195 = 4*b + 5*z - 7977. Let y = b + -1792. What is the hundreds digit of y?
7
Suppose -4*g - g - 5 = 0, 3*g + 71 = 4*o. Let m = o - 47. What is the units digit of 523/6 + 5/m?
7
Let o(f) = -1 - 1 - 3 + 217*f**2 - 5 + 8. What is the tens digit of o(-2)?
6
Let g = -3 - -6. Let w be -2 + (3 - -3) - 0. Suppose -w*t - y - 3*y = -436, -g*y = -15. What is the units digit of t?
4
What is the units digit of 0/42 - -86212*4/4?
2
Let q = -24472 + 40655. What is the ten thousands digit of q?
1
Let c = -24132 - -34091. What is the units digit of c?
9
Suppose 0 = 2*t - 4*l - 51208, -244*l + 249*l + 76808 = 3*t. What is the units digit of t?
6
Let q = -3985 - -5810. What is the hundreds digit of q?
8
Let z be (-3 - (-2)/1)*(-7 + 0). Suppose -z*i = -2066 - 545. What is the tens digit of i?
7
Suppose 2*d + 3*p = -0*p + 1856, 5*d - 2*p - 4640 = 0. Let a = d + -493. What is the units digit of a?
5
Let y = -3 - 11. Let q = -188 - -165. Let x = y - q. What is the units digit of x?
9
Let o = 11981 + -5229. Suppose 1332 - o = -10*s. What is the hundreds digit of s?
5
Let d be (-3 - -2)/(-1 - 4/(-5)). Suppose -3 = u - d. Suppose -3*p + i = -p - 43, -73 = -u*p - 5*i. What is the tens digit of p?
2
What is the tens digit of (-13434)/(-15)*(-60)/(-3 + -3)?
5
Let r = -11047 + 31350. What is the units digit of r?
3
Suppose 3*p = -8 - 37. Let a be (-1)/3 + -4 + (-215)/p. Suppose 15*n = a*n + 420. What is the tens digit of n?
8
Suppose -534301 + 4515371 = -82*s + 197*s. What is the hundreds digit of s?
6
Let z = -78 + 78. Suppose 0 = 2*h, z = 4*d - 2*d + 2*h - 472. What is the units digit of d?
6
Let f be 20/75*129 - 2/5. Suppose 32*m - f*m + 8 = 0. Suppose -m*g + 31 = -1. What is the units digit of g?
8
Let p = -16 - -79. Suppose -3*g + c = -p, 3*c = -5*g + 2*c + 97. What is the units digit of ((-4)/g)/(-1)*565?
3
Let p = -861 - -890. Let a = 255 + p. What is the units digit of a?
4
Let k(g) = -4*g - 15. Let y be k(8). Let i = 41 + y. Let j(a) = a**3 + 7*a**2 - 10*a. What is the tens digit of j(i)?
9
Let s(y) = 18*y - 174. Let b be s(11). Suppose -b*u + 4347 = 3*u. What is the tens digit of u?
6
Let a be 4/8 + (-1339)/26. Let x = 33 - 15. Let m = x - a. What is the units digit of m?
9
Suppose 5*h - 3*k = 164906, 0 = 5*h + 4*k + 25130 - 190022. What is the tens digit of h?
8
Suppose 0 = 11*d + 6*d - 527. Suppose 3*k - z = 2126, -26*z - 5 = -d*z. What is the tens digit of k?
0
Let g = 459 - -3020. What is the units digit of g?
9
Let t = 19 - 16. Suppose -6 = t*i - 180. Let y = 122 - i. What is the tens digit of y?
6
Suppose 24281 = 2*o + 5*g + 6357, -3*o + 26928 = -3*g. What is the thousands digit of o?
8
Let l(q) = 49*q**2 + 10*q + 11. Let w(b) = -b**2 - 16*b + 10. Let s be w(-16). Suppose -s*i = 6 + 4. What is the units digit of l(i)?
0
Suppose 4229*y - 181488 = 4213*y. What is the ten thousands digit of y?
1
Let g be (-390)/(-130) - (1 + -1 + -51). What is the tens digit of 9/g*15*2642/5?
2
Let i(m) = -66*m + 3*m**2 - 2*m**3 + 0*m**2 + 8*m**2 + 34*m + 17 + 23*m. What is the hundreds digit of i(-6)?
8
Suppose -5*u - 11 + 156 = 0. Suppose 4*r - u - 77 = 2*n, 3*r + 5*n - 60 = 0. What is the units digit of 2/(-5) - ((-4135)/r + 4)?
1
Let d be 575/30 + 1 - 3/18. Let a(f) = 24 + d*f - 10*f + 4*f + 10*f. What is the units digit of a(9)?
0
Let p(f) = 4799*f + 23. What is the thousands digit of p(1)?
4
Suppose -3*r + 5*t = -6*r + 37, 2*r - t = 3. Suppose -r*d + 1998 = 2*l, l + 4 - 3 = 0. What is the hundreds digit of d?
5
Suppose 15576 = o + 5*t, -2*t + 46728 = 7*o - 4*o. What is the units digit of o?
6
Let u(o) = 132*o - 20. Let f(i) = 5*i - 1. Let h(w) = -14*f(w) - 2*u(w). What is the tens digit of h(-2)?
2
Suppose 2*a = -5*t - 137, -2*t - 4 = 2. Let m = 66 + a. Let r(g) = -g**2 + 4*g + 15. What is the tens digit of r(m)?
1
Suppose -186*r + 185*r - 5 = 0. Suppose 0 = 5*d + 3 + 2. What is the units digit of 3 + (d - (r - 9/(-3)))?
4
Let i = -293 + 815. Suppose -s = -20*f + 25*f - i, -2*s + 4*f = -988. What is the tens digit of s?
0
Let r = -48 - -52. Suppose -2*j = -r, -2*w - 2*j - 6 = -180. Suppose -5*c + 61 = 3*z, w = z + 4*z + 5*c. What is the tens digit of z?
1
What is the ten thousands digit of (-253)/(-11) - (-23020 + -13)?
2
What is the units digit of (1008/70)/((-1)/(-1370))?
8
Let s(b) = -45919*b**3 - 12*b**2 - 10*b - 3. What is the units digit of s(-1)?
4
Let h(a) = 7*a**2 + 30*a + 291. What is the hundreds digit of h(-16)?
6
Let u(i) = 28*i**3 - 3*i + 53028. What is the thousands digit of u(0)?
3
Let p(u) = -5845*u**3 + 2*u**2 + u - 1. What is the tens digit of p(-1)?
4
Suppose 4*a + 9 = -767. Suppose 147 = -2*d - 3*z, d - 3*d - 142 = 4*z. Let k = d - a. What is the tens digit of k?
1
Let f be (-7544)/(-18) + 6/(-54). Suppose 0 = 418*l - f*l + 101. What is the hundreds digit of l?
1
Let c = -29120 + 70537. What is the ten thousands digit of c?
4
Suppose 10*i + 6246 = i. Let j = i + 1233. What is the units digit of j?
9
Suppose v - 7*w - 45729 = 0, 263*v - 261*v - 91458 = -w. What is the units digit of v?
9
Let j be (1 - -3 - 7) + 10. What is the tens digit of 2892/21*j/2?
8
Suppose 2*n = -9*n + 3*n + 61648. What is the thousands digit of n?
7
Let g be (-6)/(-27) - (49/(-63) - -1). Suppose g = 11*u - 14*u + 45. What is the units digit of u?
5
Let v(k) = 36*k**2 + 4*k - 12. Let y be v(2). Suppose j + y = 142. What is the units digit of (j - 4) + (79 - 0)?
7
Let r(i) = -9*i**3 + 73*i - 199. What is the hundreds digit of r(-15)?
0
Let w be (24/60)/(4/2830). Suppose 0 = -282*d + w*d - 221. What is the units digit of d?
1
Let f(k) = -4*k**2 + 40*k + 9. Let a be f(10). Suppose 0 = 5*z, -3*p - 7*z + a*z = -3669. What is the tens digit of p?
2
Let s = -516 + 1133. Suppose -2*x + 382 = n - s, 4*n - 2*x - 4036 = 0. What is the thousands digit of n?
1
What is the units digit of (4 + -5)*(-8)/(48/62058)?
3
Suppose -81*z - 42*z - 46*z = -5080140. What is the hundreds digit of z?
0
Let v(b) = 89*b**2 + 15*b - 66. What is the ten thousands digit of v(-15)?
1
Let g = 38 + -19. Suppose 16*b + 915 = g*b. What is the units digit of b?
5
What is the tens digit of 3*(-17219)/(-12) + (-18)/24?
0
Let g(c) = 127*c - 43. Let j be g(27). Suppose -v - j = -5*u, -3*u + 1992 = 2*v - 50. What is the units digit of u?
8
Let r(q) = 112 - 209 + 113 - q**2 + 5*q. Let a be r(-2). What is the tens digit of 5 - a/((-8)/548)?
4
What is the tens digit of 200570/25 + 2 + 33/165?
2
Suppose 0 = 5*